*n**3 + 2*n**2 + 4*n + 1. Let w be (-1 + 6)*(-26 + 27). Suppose -w*c + 75 = -35. What is the remainder when i(3) is divided by c?
19
Suppose 71*u + 123 = 74*u. What is the remainder when u is divided by 40?
1
Let s(k) be the third derivative of -k**5/60 - k**4/24 + 5*k**3/6 - 41*k**2. Calculate the remainder when 23 is divided by s(0).
3
Let w = 204 - 65. Calculate the remainder when w is divided by 16.
11
Suppose -114 = -4*g - 9*z, 0 = -2*g + 7*g - z - 118. What is the remainder when g is divided by 17?
7
Let n = 2163 - 2109. What is the remainder when 180 is divided by n?
18
Let u = -4 - -8. Let k(j) = j**2 + j + 2. Let n be k(u). Suppose -d + n = -5. What is the remainder when d is divided by 10?
7
Let c(t) = t + 56. What is the remainder when 84 is divided by c(-13)?
41
Let c(y) = -14*y**3 + 1. Let i be c(1). What is the remainder when 227 is divided by (52 - -1) + (-52)/i?
56
Suppose 0*q - 5*q + 3*f = -593, -3*f - 121 = -q. Suppose -5*s = -s - 2*y - q, -2*s + 5*y + 55 = 0. What is the remainder when s is divided by 17?
13
Let c(l) = 10*l - 182. Calculate the remainder when 118 is divided by c(20).
10
Let n be 2/(8/(-86)) - (-1)/(-2). Let q = 50 + n. Calculate the remainder when 82 is divided by q.
26
What is the remainder when 104 is divided by 5*(-57)/(-15) + 3 + -1?
20
Suppose -2*w - h + 160 = 3*h, h = 5*w - 400. Let r = 137 - w. Suppose r = 5*f - 188. What is the remainder when f is divided by 13?
10
Suppose 5*x - 18 = -h, -x + 4 - 120 = -5*h. Calculate the remainder when 78 is divided by h.
9
Let s(a) = 3*a + 33. Suppose -y - z = 4, -2*z = -y + 2*y + 8. What is the remainder when s(y) is divided by 18?
15
Suppose -29 - 1 = -3*n. Calculate the remainder when 69 is divided by n.
9
Suppose 5*c - m - 3*m - 12 = 0, -3*m - 6 = -3*c. Suppose -x + y + 22 = -c*y, x - 4*y = 18. What is the remainder when 6 + -2 + (3 - 4) is divided by x?
1
Let t = 45 + -11. Suppose 0 = 4*l + 5*k - 57, l + 12 = 5*k + 45. Calculate the remainder when t is divided by l.
16
Let f(n) = 5*n**2 + 116*n - 89. Let l(z) = z**3 - 6*z**2 + 5*z - 3. What is the remainder when l(6) is divided by f(-24)?
6
Let b = 7 - 3. Suppose -4*x + 602 = -2*k, 5*x = b*k + 421 + 330. What is the remainder when x is divided by 38?
37
Let s be 11 + (5 - 5) + -4. Suppose s*t - 8*t = -6. Let k(q) = -4*q**3 + q - 1. Calculate the remainder when k(-2) is divided by t.
5
Let d(o) = -29*o - 4. Let j be d(-3). Let r = j - 56. Suppose -4*y = 5*y - 63. Calculate the remainder when r is divided by y.
6
Calculate the remainder when 27 is divided by ((-8)/(-7))/(5 - 165/35).
3
Suppose -8*z + 13*z + 20 = 0. Let j = 2 + z. Calculate the remainder when 27 is divided by 1/2*j*-15.
12
Let q = -1496 - -1819. What is the remainder when q is divided by 47?
41
Suppose -3*u + 5 = 2. Let c = 55 - u. Suppose -56 = -7*x + 3*x. Calculate the remainder when c is divided by x.
12
Let z = 158 - -47. Suppose -6*w + z = -41. What is the remainder when w is divided by 14?
13
Suppose 5*x - 262 - 8 = 0. Suppose -5*g - 2*r + x = 0, -4*g + 6*g - 16 = 2*r. Let b = -5 + 8. Calculate the remainder when g is divided by b.
1
Let d be 1 + -3 + -6 + -2. Let x be ((-4)/d)/(3/45). Suppose x*m - 2*m + 313 = 5*f, -4*f - m = -263. What is the remainder when f is divided by 17?
14
Let g = 132 - 105. Calculate the remainder when 106 is divided by g.
25
Suppose 345 = 2*m + 3*m. Suppose -4*h = 2*l - 36, -2*h + 3*h - 3*l - 9 = 0. Calculate the remainder when m is divided by h.
6
Suppose 45*z - 1091 = -236. Suppose -22 = 3*c - 8*c - 2*t, -2*t + 10 = 3*c. Calculate the remainder when z is divided by c.
1
Let f = -15 + 32. Suppose 5*x = 4*x - 5*z + f, 2*x = 5*z - 11. Suppose 4*p = -4, -4*j + 40 = x*p + 6. Calculate the remainder when j is divided by 3.
0
Let n = 131 + -32. Calculate the remainder when n is divided by 36.
27
Suppose -1 = a - 8. Suppose 2*c - 15 = -o, 3*o + 0*o - 5*c + 10 = 0. What is the remainder when a is divided by o?
2
Suppose -22 = -g + 4*q, -5*g - 2*q = 2*q - 38. Suppose 5*y = g*y - 135. What is the remainder when 106 is divided by y?
25
Suppose -69 = -5*c - 5*m + 31, 0 = c + 4*m - 29. What is the remainder when (72/(-9) - 3) + 76 is divided by c?
14
Suppose -i = -5*z + 30, 0 = z + 3*i - 25 + 3. Suppose -2*d = 3*m - 16, -z*d = 5*m - 3*d - 30. What is the remainder when (m/(-6))/((-2)/42) is divided by 4?
3
Let t = -11 + 14. Calculate the remainder when 2 + 9 + t + -3 is divided by 7.
4
Let a = 71 + -65. Suppose 7*l = a*l + 70. Calculate the remainder when l is divided by 18.
16
Let x be -1*1*(-429)/(-11). Let r = x + 80. Calculate the remainder when r is divided by 14.
13
Suppose 5*x = 4 + 6. Suppose -x = -c + 2*g + 17, g = -c + 10. Suppose 30*a + p = 34*a - 151, 0 = a + 5*p - 22. Calculate the remainder when a is divided by c.
11
Let p(k) = -5*k - 35. Let x be p(-9). What is the remainder when (47 - x) + 1*3 is divided by 21?
19
Suppose 7 = -3*n + 34. Let c(d) = d**3 + 7*d**2 + 8*d + 5. What is the remainder when c(-5) is divided by n?
6
Let v = -1750 - -1854. What is the remainder when 223 is divided by v?
15
Suppose 0 = 44*t - 43*t - n - 527, -n - 1579 = -3*t. What is the remainder when t is divided by 24?
22
Calculate the remainder when 151 is divided by -4 - -15 - -3 - (-2)/(-1).
7
Let t(s) be the first derivative of -s**2/2 + 25*s + 5. What is the remainder when 73 is divided by t(0)?
23
Let c = 12 + 19. What is the remainder when c is divided by 6678/350 - (-28)/(-350)?
12
Let m(z) = 7*z + 34. Calculate the remainder when m(7) is divided by 31.
21
Suppose -b - 2 = -3. Let s be (b + 5)*(-7)/7. Let c = s - -20. What is the remainder when c is divided by 5?
4
Let j = 1128 - 1124. Calculate the remainder when 146 is divided by j.
2
What is the remainder when 285 is divided by (13 - (-1 + 12))/(4/82)?
39
Suppose -l + 0*l = -25. Suppose 0 = -33*o + l*o + 184. What is the remainder when 228 is divided by o?
21
Let m(s) = -s**2 - 13*s + 5. Let f be m(-13). Let k = -15 - -21. Calculate the remainder when k is divided by (f/3)/((-25)/(-30)).
0
Let o(m) = m**3 - m**2 + 3. Let i be o(0). Suppose 2*f + 5 = f, i*f = -4*r + 69. What is the remainder when r is divided by 13?
8
Let z(l) be the third derivative of l**4/24 + 11*l**3/6 + 13*l**2. Calculate the remainder when 52 is divided by z(0).
8
Let u(r) = 11*r + 6. Let v = 143 - 143. What is the remainder when 53 is divided by u(v)?
5
Let z = 110 - 75. Suppose k = 0, 10*n + k + 10 = 15*n. Suppose n*o - 4*b - 3 = z, -12 = -o - 5*b. What is the remainder when 32 is divided by o?
15
Suppose 20 = 3*d - 4. Calculate the remainder when (2/4)/(5/310) is divided by d.
7
Suppose -4*x + u + 146 = 0, -x = 2*u - 20 - 21. Calculate the remainder when 120 is divided by x.
9
Let g(n) = 4*n + 13*n**2 - 3*n + 2*n**3 + 3 - 8*n. What is the remainder when 5 is divided by g(-7)?
2
Let d(n) = 2*n**2 - 21*n + 35. What is the remainder when 22 is divided by d(9)?
6
Let v(k) = k**2 + 29*k + 63. Let r(h) = -h**2 + 7*h + 5. Let t be r(7). Suppose 30 = -0*a + t*a. What is the remainder when v(-27) is divided by a?
3
Let k be (36/5)/(18/60). Let w = k - 12. Suppose 0*f = f + n - 1, 4*f - 3*n = 25. Calculate the remainder when w is divided by f.
0
Suppose -2*p + 40*p = 798. Calculate the remainder when 37 is divided by p.
16
What is the remainder when 60 is divided by 8*(-4)/56 + (-1105)/(-35)?
29
Suppose 0*k - 23 = -2*k - j, -4*j + 50 = 5*k. Suppose k + 11 = g. Suppose 2*p = -3*p + g. What is the remainder when 12 is divided by p?
2
Let l be 157/(-5) - (-36)/(-60). Let o = l - -42. What is the remainder when 17 is divided by o?
7
Suppose 32*l - 253 = 451. What is the remainder when 130 is divided by l?
20
Let h = -1788 - -1815. Let q = 5 + -3. Let n(c) = c**3 + 2*c**2 - 2*c + 3. Calculate the remainder when h is divided by n(q).
12
What is the remainder when 127 is divided by 64/(-112) + 368/7?
23
Calculate the remainder when (142/3)/((-16)/(-24)) is divided by (-5)/((-85)/323) - (0 - 5).
23
Let t = 20 + -176. Suppose 3*h - 2*b - 678 = b, h - 222 = -3*b. Let z = t + h. Calculate the remainder when z is divided by 14.
13
Suppose 131 - 50 = 9*j. What is the remainder when 933 is divided by j?
6
Suppose -5*g - 88 = -13*g. What is the remainder when 98 is divided by g?
10
Suppose 0 = -9*f - 4863 + 1362. What 